nder when 1350512 is divided by 122?
94
What is the remainder when 208963950 is divided by 130?
0
Calculate the remainder when 6299381 is divided by 2099791.
8
What is the remainder when 77414 is divided by 195?
194
Calculate the remainder when 131591119 is divided by 80.
79
Calculate the remainder when 69027135 is divided by 161.
156
What is the remainder when 11323773 is divided by 20?
13
Calculate the remainder when 11803 is divided by 58.
29
Calculate the remainder when 57128 is divided by 11413.
63
What is the remainder when 63934 is divided by 2203?
47
What is the remainder when 230194 is divided by 4229?
1828
What is the remainder when 848445 is divided by 1336?
85
What is the remainder when 3724884 is divided by 17?
14
Calculate the remainder when 692351 is divided by 692319.
32
What is the remainder when 7524159 is divided by 2164?
2095
Calculate the remainder when 3773676 is divided by 297.
291
What is the remainder when 14991 is divided by 3598?
599
Calculate the remainder when 16263508 is divided by 38539.
50
What is the remainder when 38756858 is divided by 3523350?
8
What is the remainder when 4564458 is divided by 127?
78
What is the remainder when 9851998 is divided by 27?
22
Calculate the remainder when 967145087 is divided by 416.
415
What is the remainder when 17566034 is divided by 3513205?
9
What is the remainder when 758206 is divided by 5226?
436
What is the remainder when 205783 is divided by 18261?
4912
What is the remainder when 4259487 is divided by 467?
447
Calculate the remainder when 93596 is divided by 80.
76
Calculate the remainder when 53679220 is divided by 1711.
17
Calculate the remainder when 23224672 is divided by 4644932.
12
Calculate the remainder when 36977494 is divided by 463.
462
What is the remainder when 475320 is divided by 457?
40
What is the remainder when 334370554 is divided by 137?
134
What is the remainder when 371421 is divided by 1141?
596
What is the remainder when 7068073 is divided by 422?
417
What is the remainder when 1027319 is divided by 53?
20
What is the remainder when 346442 is divided by 21642?
170
What is the remainder when 583693 is divided by 291794?
105
What is the remainder when 194564 is divided by 123?
101
What is the remainder when 5376120 is divided by 52?
48
What is the remainder when 10755 is divided by 8878?
1877
Calculate the remainder when 533048 is divided by 1356.
140
What is the remainder when 1294986 is divided by 970?
36
What is the remainder when 12031 is divided by 1053?
448
What is the remainder when 4738084 is divided by 4737894?
190
What is the remainder when 429277 is divided by 24?
13
Calculate the remainder when 61318325 is divided by 414313.
1
Calculate the remainder when 53051038 is divided by 48.
46
Calculate the remainder when 1136630 is divided by 2444.
170
What is the remainder when 1961632 is divided by 122?
116
What is the remainder when 1400514 is divided by 99984?
738
Calculate the remainder when 2712752 is divided by 1460.
72
What is the remainder when 341875 is divided by 341784?
91
Calculate the remainder when 251919142 is divided by 558.
556
Calculate the remainder when 1637210 is divided by 3301.
3215
What is the remainder when 172478 is divided by 2648?
358
Calculate the remainder when 510727 is divided by 101935.
1052
What is the remainder when 80935 is divided by 39379?
2177
What is the remainder when 485526 is divided by 4180?
646
Calculate the remainder when 1963379 is divided by 654203.
770
What is the remainder when 217598 is divided by 5797?
3109
Calculate the remainder when 20837509 is divided by 2678.
2669
What is the remainder when 467621 is divided by 5375?
5371
What is the remainder when 6301825 is divided by 1625?
75
Calculate the remainder when 256927 is divided by 2846.
787
Calculate the remainder when 4331245 is divided by 630.
625
Calculate the remainder when 931235 is divided by 1928.
11
Calculate the remainder when 27984967 is divided by 12.
7
Calculate the remainder when 35370228 is divided by 5455.
8
Calculate the remainder when 227320 is divided by 987.
310
What is the remainder when 6367413 is divided by 3183558?
297
What is the remainder when 2639723 is divided by 14192?
11
Calculate the remainder when 150596917 is divided by 61.
56
Calculate the remainder when 9938336 is divided by 2484554.
120
What is the remainder when 5660370 is divided by 5207?
361
What is the remainder when 345913 is divided by 1003?
881
What is the remainder when 57302 is divided by 3561?
326
What is the remainder when 497586 is divided by 165516?
1038
What is the remainder when 1010032 is divided by 109?
38
Calculate the remainder when 18804 is divided by 2271.
636
Calculate the remainder when 630356 is divided by 582.
50
What is the remainder when 179230 is divided by 43045?
7050
Calculate the remainder when 1070601 is divided by 400.
201
What is the remainder when 52107 is divided by 16973?
1188
Calculate the remainder when 5544 is divided by 3354.
2190
What is the remainder when 2518047 is divided by 452?
407
Calculate the remainder when 88085785 is divided by 44042886.
13
Calculate the remainder when 11896306 is divided by 2480.
2226
Calculate the remainder when 1423000 is divided by 19.
14
Calculate the remainder when 1729733 is divided by 732.
17
What is the remainder when 523810 is divided by 221?
40
Calculate the remainder when 8050594 is divided by 143.
123
Calculate the remainder when 45781 is divided by 21407.
2967
What is the remainder when 287814378 is divided by 2765?
2763
Calculate the remainder when 2630750 is divided by 8045.
35
Calculate the remainder when 84612901 is divided by 1163.
1162
Calculate the remainder when 2944144 is divided by 42.
28
Calculate the remainder when 560347 is divided by 560288.
59
Calculate the remainder when 149267817 is divided by 8171.
8160
Calculate the remainder when 32876418 is divided by 32778.
84
Calculate the remainder when 132205 is divided by 2659.
1914
Calculate the remainder when 56515527 is divided by 6203.
6197
What is the remainder when 72025 is divided by 405?
340
What is the remainder when 374493 is divided by 362?
185
What is the remainder when 37039803 is divided by 116112?
75
Calculate the remainder when 110648737 is divided by 75.
37
Calculate the remainder when 3924608 is divided by 1317.
1265
What is the remainder when 365716 is divided by 158?
104
What is the remainder when 73195 is divided by 72742?
453
What is the remainder when 50523698 is divided by 1146?
1142
Calculate the remainder when 2008059 is divided by 501859.
623
Calculate the remainder when 2696484 is divided by 1708.
1260
What is the remainder when 1330682 is divided by 1891?
1309
Calculate the remainder when 107540067 is divided by 35846686.
9
Calculate the remainder when 669879 is divided by 1709.
1660
What is the remainder when 34860 is divided by 34475?
385
What is the remainder when 5765037 is divided by 240?
237
Calculate the remainder when 1767896 is divided by 404.
396
Calculate the remainder when 26479299 is divided by 100.
99
What is the remainder when 4739 is divided by 1864?
1011
What is the remainder when 738934700 is divided by 4031?
4028
Calculate the remainder when 11183833 is divided by 2795949.
37
What is the remainder when 12511398 is divided by 470?
468
What is the remainder when 3576114 is divided by 15?
9
What is the remainder when 3164 is divided by 1983?
1181
What is the remainder when 1540057 is divided by 513335?
52
What is the remainder when 82836096 is divided by 309?
303
Calculate the remainder when 769370 is divided by 1782.
1328
Calculate the remainder when 70567641 is divided by 52195.
1
Calculate the remainder when 1019746 is divided by 143.
13
What is the remainder when 69150064 is divided by 1975716?
4
Calculate the remainder when 3932579 is divided by 100835.
14
What is the remainder when 231386 is divided by 231004?
382
Calculate the remainder when 172577 is divided by 42758.
1545
Calculate the remainder when 428933233 is divided by 772.
769
What is the remainder when 80223 is divided by 5074?
4113
What is the remainder when 333509 is divided by 2056?
437
What is the remainder when 1435765 is divided by 27089?
48
Calculate the remainder when 20653 is divided by 2235